{"id":307,"date":"2022-04-08T15:35:56","date_gmt":"2022-04-08T13:35:56","guid":{"rendered":"https:\/\/natuerlichausderregion.de\/?page_id=307"},"modified":"2022-10-30T13:36:59","modified_gmt":"2022-10-30T12:36:59","slug":"was-kann-ich-tun","status":"publish","type":"page","link":"https:\/\/natuerlichausderregion.de\/?page_id=307","title":{"rendered":"Was kann jeder tun?"},"content":{"rendered":"\n<p>Was kann man selbst tun, um die heimischen Insekten zu unterst\u00fctzen?<\/p>\n\n\n\n<p>Pflanzen Sie bl\u00fchende Pflanzen mit ungef\u00fcllten Bl\u00fcten, die Nektar und Pollen spenden. Und am besten greifen Sie zu <strong>heimischen Pflanzen<\/strong>! So finden nicht nur die, zum Teil hoch spezialisierten, Wildbienen Nahrung. Sie helfen damit auch anderen Insekten weiter. Schmetterlingsraupen brauchen schlie\u00dflich auch etwas zu fressen und unsere heimischen Wildpflanzen stellen meist auch Futterpflanzen dar. <\/p>\n\n\n\n<p>Dadurch entwickeln sich mehr Schmetterlinge und Nachfalter, was wiederum auch unserer heimischen Vogelwelt zugute kommt. Jungv\u00f6gel werden w\u00e4hrend der Brutperiode \u00fcberwiegend mit Insekten gro\u00dfgezogen.<\/p>\n\n\n\n<p>Ohne die passenden (heimischen) Pflanzen, gibt es weniger Insekten, weniger V\u00f6gel und andere Insektenfresser. Heimische Wildpflanzen sind zudem besser an unser Klima angepasst, sodass sie weniger pflegeintensiv sind.  <\/p>\n","protected":false},"excerpt":{"rendered":"<p>Was kann man selbst tun, um die heimischen Insekten zu unterst\u00fctzen? Pflanzen Sie bl\u00fchende Pflanzen mit ungef\u00fcllten Bl\u00fcten, die Nektar und Pollen spenden. Und am besten greifen Sie zu heimischen Pflanzen! So finden nicht nur die, zum Teil hoch spezialisierten, Wildbienen Nahrung. Sie helfen&#8230;<\/p>\n","protected":false},"author":1,"featured_media":0,"parent":0,"menu_order":5,"comment_status":"closed","ping_status":"closed","template":"","meta":{"footnotes":""},"_links":{"self":[{"href":"https:\/\/natuerlichausderregion.de\/index.php?rest_route=\/wp\/v2\/pages\/307"}],"collection":[{"href":"https:\/\/natuerlichausderregion.de\/index.php?rest_route=\/wp\/v2\/pages"}],"about":[{"href":"https:\/\/natuerlichausderregion.de\/index.php?rest_route=\/wp\/v2\/types\/page"}],"author":[{"embeddable":true,"href":"https:\/\/natuerlichausderregion.de\/index.php?rest_route=\/wp\/v2\/users\/1"}],"replies":[{"embeddable":true,"href":"https:\/\/natuerlichausderregion.de\/index.php?rest_route=%2Fwp%2Fv2%2Fcomments&post=307"}],"version-history":[{"count":3,"href":"https:\/\/natuerlichausderregion.de\/index.php?rest_route=\/wp\/v2\/pages\/307\/revisions"}],"predecessor-version":[{"id":342,"href":"https:\/\/natuerlichausderregion.de\/index.php?rest_route=\/wp\/v2\/pages\/307\/revisions\/342"}],"wp:attachment":[{"href":"https:\/\/natuerlichausderregion.de\/index.php?rest_route=%2Fwp%2Fv2%2Fmedia&parent=307"}],"curies":[{"name":"wp","href":"https:\/\/api.w.org\/{rel}","templated":true}]}}